 u = 9 - 5. Suppose 3*d - 8 - 15 = -u*t, -8 = -t - 3*d. Calculate c(t).
-1
Let c(k) be the third derivative of 3*k**4/8 - 2*k**3/3 + 12*k**2. Determine c(3).
23
Let o(h) be the second derivative of 0*h**2 + 1/6*h**3 - h - 1/4*h**4 + 0. Determine o(2).
-10
Let b be ((-3)/2)/(6/(-8)). Let y = 2 - b. Let r(g) = 2*g**2 + 0*g**2 + 2*g**2 + g - 3*g**2 + 6 + g**3. What is r(y)?
6
Let r(n) = -4*n - 22. Let a be r(-6). Let g(w) be the first derivative of 2 + 0*w**2 + 1/3*w**3 + a*w. What is g(0)?
2
Let s(q) = -q**3 + 2*q**2 + 2*q + 1. Suppose 23 + 13 = 2*z. Let d(o) = o + 18. Let g be d(0). Suppose -4*x - 2*b + z = 0, 3*b - g = -2*x - b. Give s(x).
-2
Let f be 2 + (-8 + -1 - -2). Let y(c) = c + 5. Let b be y(f). Let z(n) = b*n - 3 + 0*n**2 - n**2 + 0 - 2*n. What is z(-2)?
-3
Let r(o) be the third derivative of -o**5/60 + o**4/24 + o**3/3 + 2*o**2. Let c(t) = t**2 + t - 11. Let z be c(0). Let j = -7 - z. What is r(j)?
-10
Let z(v) = -v**2 - 3 - 4*v**2 + 0 + v**3. Let k(p) = p + 2. Let s be k(3). Give z(s).
-3
Let o(t) = -t**2 + 8*t + 7. Suppose 9 + 7 = 2*q. Determine o(q).
7
Let p(r) = r**2 + 1 + 7 - r + 2. Let m(i) = i**2 + 6*i + 5. Let y be m(-5). What is p(y)?
10
Let l(q) be the third derivative of q**4/12 - 7*q**3/6 - q**2. Let n(j) = -j**2 - 4*j - 1. Let g be n(-4). Let t = 5 - g. What is l(t)?
5
Let w be (5/(-2) - -1)*-2. Let j(h) = 5*h**w + h - 2*h**3 - h**2 - 2*h**3. Suppose a + 4*a = 0. Calculate j(a).
0
Let o(k) be the third derivative of -k**8/4032 + k**5/30 - 2*k**2. Let d(n) be the third derivative of o(n). Suppose -2*v = -5*s - 3, s + v = 2*v. Give d(s).
-5
Let w(t) = 3*t**2 + 2*t + 1. Let z(s) = 2*s**2 + 2*s + 1. Let f(u) = -3*w(u) + 4*z(u). Let r be 2/(-2)*1 + -14. Let n be (-1)/5 - (-27)/r. Give f(n).
-7
Let q(u) = -u. Let c(o) = -4*o - 1. Let k(t) = -c(t) - 2*q(t). Suppose -3*j + 5*n = 8, 3*j = 4*n - 2 - 5. Calculate k(j).
-5
Let a(m) = m**3 + 7*m**2 - 3*m - 6. Let b(l) = -5*l**3 - 36*l**2 + 16*l + 31. Let h(t) = -11*a(t) - 2*b(t). Determine h(-4).
-16
Suppose 85*z - 86*z = -4. Let p(q) = q**2 - 3*q - 2. Determine p(z).
2
Let a(g) = 5*g**2 - g - 7. Let s(y) = -6*y**2 + 2*y + 8. Let m(o) = 7*a(o) + 6*s(o). Calculate m(4).
3
Suppose -w - w = 0. Suppose -5*k = -0*k - 10. Let a(i) = -8*i**3 - i - i**k + 3*i**3 + 4*i**3. What is a(w)?
0
Let z(t) = t**2 + t - 1. Let r(i) = 2*i + 6. Let c be r(-4). Let l be z(c). Let j(a) be the second derivative of 7*a**5/20 + a**3/6 - 6*a. Determine j(l).
8
Let y = -8 - -6. Let s(p) = -p**2 + 9*p - 6. Let l be s(8). Let x(w) = -4*w + 2*w + l + w. Determine x(y).
4
Suppose 2*l = -3*s + 4, -3*s + 2*l + l - 6 = 0. Let d(q) be the first derivative of q**4/4 + q**2/2 + 3*q + 24. Calculate d(s).
3
Let m(d) = d**2 - 5*d + 4. Let h(q) = q**2 - 6*q + 5. Let g(t) = 3*h(t) - 2*m(t). Let a(r) = 6*r - 55. Let b be a(10). What is g(b)?
-8
Let f(t) = 10*t - 1. Let i be 4 - 3/((-12)/(-20)). What is f(i)?
-11
Let c(x) = 2*x - 1. Let n be ((-3)/2)/(9/(-24)). Suppose -5*a - 14 = -n. Determine c(a).
-5
Let z(r) = r**3 + 8*r**2. Let w be 7/(-3)*3 + -1. What is z(w)?
0
Let p(v) be the third derivative of v**4/24 - v**3 + v**2. Suppose 8*z = 5*z + 15. Give p(z).
-1
Let h(y) = y**2 - 3*y - 2. Let g be 0 + 0 + (3 - -3). Suppose -45 = 5*t - 5. Let z be (g/t)/((-2)/8). Calculate h(z).
-2
Let r(i) = -3*i**3 + 4*i**2 - 4*i - 4. Let a(u) = 6*u - 17*u - 7*u**2 + 18*u**2 + 6 - 17 - 8*u**3. Let l(q) = -4*a(q) + 11*r(q). What is l(-2)?
8
Let y(m) be the third derivative of -3*m**4/8 + m**3/6 - 3*m**2. Calculate y(1).
-8
Let v(u) = 2*u**2 + 8*u + 6. Let n(j) = j**2 + j - 1. Let l(o) = -n(o) + v(o). Suppose -4*w + 10 = 2*k + 36, 5 = -5*k + 5*w. Calculate l(k).
-3
Suppose -h = -4*c + 12, h - 1 - 23 = -5*c. Let f(n) = n**3 - 4*n**2 + 2. Let w be f(h). Let l(x) = -3*x**2 + 0*x**w + 2*x**2 + 4*x - 2 - 1. What is l(2)?
1
Let q(k) = -2056*k + 23 + 2055*k - 6. Calculate q(14).
3
Let o(y) = -101*y**2 - 102*y**2 + 4 + 202*y**2 - 7*y. Give o(-8).
-4
Let d(a) be the second derivative of -a**5/20 - 7*a**4/12 - 3*a**2 - 18*a. Determine d(-7).
-6
Let o(s) = -3*s - 3. Let h be o(-3). Let n(r) be the third derivative of 0*r - 1/120*r**6 + 4*r**2 + 4/3*r**3 + 5/24*r**4 + 1/12*r**5 + 0. Give n(h).
2
Suppose -5*l + 5 = d + 20, 0 = l - d + 9. Let f(a) = -a**3 - 3*a**2 + 3*a - 5. What is f(l)?
-1
Let n = 26 + -22. Let j = -1 - n. Let v(a) = a**2 + 4*a + 4. Give v(j).
9
Let f(t) = 2*t - 1. Let w be f(1). Let b be w - (-1)/(-2)*2. Let r(z) = z**3 - 7. What is r(b)?
-7
Let x(n) be the second derivative of n**6/360 + n**4/12 + n**3/6 - n. Let s(b) be the second derivative of x(b). Give s(-2).
6
Let d(b) be the second derivative of b**7/2520 + b**6/180 - b**5/120 + b**4/12 + 5*b. Let x(r) be the third derivative of d(r). Give x(-4).
-1
Let g(d) = -6*d + 2*d**2 - 9*d**2 - d - d**3 + 2 + 0*d. Determine g(-6).
8
Let y(x) = x**2 + 7*x + 2. Suppose 11 + 1 = -4*k. Let r(b) be the first derivative of b**2/2 - 3*b - 2. Let p be r(k). What is y(p)?
-4
Let c(d) = 2*d**2 + 2*d + 1. Let i be c(-1). Let x(q) = 8*q - 15. Let f(l) = -4*l + 7. Suppose 3*m - 5 = 34. Let r(b) = m*f(b) + 6*x(b). Determine r(i).
-3
Let j be 1/1 + -8 - -1. Let f be (-2 + 0)*j/4. Let m(b) = -b**3 - 4*b**2 - b. Let q(i) = -3*i**3 - 3*i**2 - 5*i - 3. Let h(t) = 2*m(t) - q(t). What is h(f)?
-6
Let j(s) = s**2 - s + 2. Suppose 0 = 5*g + 3*w - 12, g + 5*w = 4*g + 20. Calculate j(g).
2
Let w(s) = -s**3 - s**2 + 2*s. Let r(i) = i**3 + 13*i**2 - 15*i - 16. Let v be r(-14). Determine w(v).
0
Suppose -6 = -7*f + 29. Let h(b) = -b + 5. Let u(k) = 2*k - 6. Let q be 14/8 - (-1)/4. Let m(s) = q*u(s) + 3*h(s). Give m(f).
8
Let x(b) = -b**2 + 5*b + 1. Suppose 2*s = -0 - 6. Let c be s/(-6)*(-2 + 0). Let z be (c*2)/(4/(-8)). Determine x(z).
5
Let v(h) = -h - 6. Suppose -k + c - 2 = 0, 5*k + 4*c - 5 - 21 = 0. Suppose 3*g - k = 5*f, 2*g - f + 24 = -4*f. Give v(g).
0
Let i(u) = 2*u**3 + 2*u**2 - 2*u + 1. Let z = -9 - -10. Determine i(z).
3
Let h(i) = i**2 - 7*i + 7. Let o be (-4)/(-12) - (-46)/6. Suppose -3 + o = t. Determine h(t).
-3
Let f(v) = -7*v**2 + 3*v + 5. Let g(w) = -3*w**2 + 2*w + 2. Let h(m) = -2*f(m) + 5*g(m). What is h(4)?
0
Let z(r) = -6*r - 1. Let x(f) = f**3 + 6*f**2 - f - 4. Let q be x(-6). Suppose 4*m - 5*g = -q, 0 = m - 2*g + 6*g - 10. Let a be -2*m/4 + 2. What is z(a)?
-7
Let r(n) = n**2 - 3*n - 9. Let h be r(5). Let b(y) = -19*y**3 + 2*y - 1. Calculate b(h).
-18
Let n(g) be the second derivative of -g**4/12 + g**3/6 - g**2 - 6*g. Give n(0).
-2
Suppose 2*n = 0, 3*l - 3*n - 21 = -0*l. Let s = 2 - l. Let o(p) = -6*p - 7. Let q(t) = -7*t - 7. Let i(m) = -6*o(m) + 5*q(m). Give i(s).
2
Let h(u) = 2*u**3 - u. Let x(q) = q**3 - q**2 - q + 4. Let v be x(0). Suppose 0 = -4*n - 4*r + 2*r, -6 = -v*n - 5*r. Let j = n + 0. What is h(j)?
-1
Suppose 14 = i - 2*c, 3*c = -i - 2*c - 21. Let r(z) = 4*z. Let b(k) = 3*k - 1. Let g(w) = 3*b(w) - 2*r(w). What is g(i)?
1
Let s(b) be the second derivative of b**3/6 - 6*b**2 - 16*b. Give s(6).
-6
Suppose -5*y - 8 + 28 = 0. Let v = -17 + 19. Let p(u) = -y - u**3 - v*u**2 + u + 4. Give p(-2).
-2
Let j = -17 + 12. Let z(f) = -2*f + 4. Calculate z(j).
14
Let m(t) = -1078 + 1078 - 3*t. What is m(6)?
-18
Let p(d) = -2*d - 7. Suppose -5*o - 3*y + 25 = 2*y, 0 = 2*o + 4*y - 10. What is p(o)?
-17
Let z(b) = -b**3 + b**2 + b + 4. Let g be z(0). Let m(k) = 7*k + 4. Let v(q) = -6*q + 0*q - 4*q - 6. Let i(c) = 7*m(c) + 5*v(c). Give i(g).
-6
Let p(g) = -g**3 + g**2 - g + 3. Let v be p(0). Let s(m) = 0*m**2 - 6 - 5*m - 3*m**2 - m**3 + 0*m**v - m**2. What is s(-4)?
14
Let v(s) = 5*s**3 - 2*s + 1. Let l be v(1). Suppose 20 = 2*i - l*i. Let w be 48/i - (-1)/(-5). Let p(o) = -o**2 - 7*o - 3. What is p(w)?
7
Suppose -3*y - 2*i + 6*i - 12 = 0, -4*y + 15 = 5*i. Let n(q) = q**3 + 2*q**2 + 11 - q**2 + y*q**2. Determine n(0).
11
Suppose 5 = -3*s + 5*s + n, -4 = -4*s - 4*n. Let g(y) = y - 3. Let u be g(6). Let k(d) = 0*d - u*d + s + 5*d. Determine k(3).
10
Let f be 2 + -1 + 1 - -2. Let p(s) = s**3 - 5*s**2 + 4*s - 5. Let r be p(f). Let a(o) = -o**2 - 6*o - 1. Calculate a(r).
4
Let o be 6/21 + 25/35. Let t(d) = 25*d**3 - 8*d**2 - 8*d - 11. Let r(q) = 17*q**3 - 5*q**2 - 5*q - 7. Let j(g) = -8*r(g) + 5*t(g). Give j(o).
-10
Let m(f) = -3 - 6*f + 0*f**2 - f**2 - f**2 + 10. What is m(-5)?
-13
Suppose 0 = -j + 